se 0 = u - 1, -g*j + 92 - 34 = 2*u. List the prime factors of j.
2, 7
Suppose -23*g + 18*g + 70 = 0. List the prime factors of g.
2, 7
Let d(n) = n**2 + 19*n + 9. Let g = -124 - -105. List the prime factors of d(g).
3
Suppose -33 = -g - 5*d - 8, -2*g + d = 5. Suppose g = -2*o + 120 + 148. List the prime factors of o.
2, 67
Let p(m) = -37*m + 3*m**2 + 38*m - m**3 + 11 - 5*m**2 - 7*m**2. List the prime factors of p(-10).
101
Let g = -74 + 82. Suppose g*i = 159 + 313. What are the prime factors of i?
59
Let k(y) = -7*y - 4. Let v(d) = 14*d + 8. Let u(b) = 5*k(b) + 3*v(b). Let m(w) = 22*w + 13. Let i(z) = 2*m(z) - 7*u(z). List the prime factors of i(-7).
3, 11
Suppose 0 = 6*g - g - 25. Suppose 19 = 5*o - 51. Let i = g + o. List the prime factors of i.
19
Suppose -15*q = -4009 - 5816. What are the prime factors of q?
5, 131
Suppose -3*h = -4*s + 2023, -2*s + 3*h + 784 = -223. What are the prime factors of s?
2, 127
Let z(k) = k**2 + 12*k + 32. Let p be z(-9). Suppose -x + 5*c = 147 - 388, p*x - 3*c = 1249. What are the prime factors of x?
251
Suppose -59 = -o - 22. Suppose v + 4*v - 95 = 0. Let d = o - v. What are the prime factors of d?
2, 3
What are the prime factors of ((-1172)/8 + 0)*-2?
293
Suppose -2*v + v = 0. Let m(k) = 2*k - 79. Let q be m(v). Let o = -42 - q. List the prime factors of o.
37
Suppose -16*c + 7*c + 198 = 0. What are the prime factors of c*2*(-2 - (-42)/8)?
11, 13
Let f = -103 + 47. What are the prime factors of 4*7/f + (-78)/(-4)?
19
Suppose j + 3*t - 1 = 0, 0 = -5*j + 2*t - 3*t - 9. Let b(w) = 8*w**2 - 1. Let d be b(j). Suppose -n + d = -0*n. List the prime factors of n.
31
Let c(h) = -2*h**2 - h. Let i be c(-2). Let p be -1*i/4*2. Suppose -3*v + 66 = -3*k, -3*k - 13 = p*v - 61. List the prime factors of v.
19
What are the prime factors of (-777)/(-2 + 63/36)?
2, 3, 7, 37
What are the prime factors of 4/10 - ((-77065)/25 + -11)?
2, 7, 13, 17
Suppose 8*q + 0*q = -8. List the prime factors of (2/(-10) - q/5) + 60.
2, 3, 5
Let l(n) = 1 + 0*n + 7*n - n**3 - 10*n**2 + 2 - n. Let o be l(-11). Suppose -118 = -4*j + o. List the prime factors of j.
2, 11
Suppose -817 - 1481 = -6*h. What are the prime factors of h?
383
Suppose 5*h + 581 - 1551 = 0. List the prime factors of h.
2, 97
Suppose -3*f + t - 4 = 0, 8 = 2*t - 0. Suppose f = -4*q + 6*q - 68. List the prime factors of q.
2, 17
Suppose 9*q - 4*p = 7*q + 3688, -3*p + 5568 = 3*q. List the prime factors of q.
2, 463
Suppose 0 = 2*s - m - 15, 0*m + m + 20 = 3*s. Suppose s*k = f - 2*f + 164, k + 361 = 2*f. What are the prime factors of f?
179
What are the prime factors of 9/36 - ((-23355)/4)/5?
2, 73
Suppose -9*k = -25*k + 1264. Suppose 5 = 2*p - k. What are the prime factors of p?
2, 3, 7
Suppose 0 = -147*o + 142*o + 3*f + 13307, 3*o = 3*f + 7989. What are the prime factors of o?
2659
Let h(d) = -d + 4 - 2*d + d. Suppose 24*y = 19*y - 25. What are the prime factors of h(y)?
2, 7
Let s(y) be the third derivative of y**5/60 - y**4/12 - 10*y**2. Suppose -25 = 4*k + k. List the prime factors of s(k).
5, 7
Let v(n) = -20 + 0*n - 4*n + 74. Let x(h) = -h**3 + 7*h**2 - 5*h - 6. Let a be x(6). List the prime factors of v(a).
2, 3
Let r be -1*(3 - (0 + 3)). Suppose -5*b - o + 489 = r, -3*b + 497 = 2*b + 3*o. What are the prime factors of b?
97
Suppose 0 = 3*l - l + 4, -l = -4*q + 2582. What are the prime factors of q?
3, 5, 43
Suppose 4*p = 4*i - 688, 5*i + 86 = p + 242. Let d be (p/(-33))/((-4)/30). Let u = -26 - d. List the prime factors of u.
2, 7
Let w = 2 - -5. Let k = w + 30. Suppose 3*u - 2 - k = 0. List the prime factors of u.
13
Let f = 84 - -7. Let i = f + -62. What are the prime factors of i?
29
Let k(q) = 70*q - 19. What are the prime factors of k(45)?
31, 101
Let w = -12 - -126. Let t = 82 + w. List the prime factors of t.
2, 7
Suppose -8 = 4*r, -18 = -d + 2*d + 2*r. What are the prime factors of 129/(((-3)/(-5))/(d/(-35)))?
2, 43
Let u be 1/3 + (1100/3 - -4). Suppose 4*z - 2*w = 702, -5*w = -2*z - 0*w + u. What are the prime factors of z?
173
List the prime factors of 1/(-1)*(-366)/2.
3, 61
Suppose 4*x - 2*q + 6*q = 824, 2*x = -q + 407. What are the prime factors of x?
3, 67
Suppose -4*z - 3*v = -48, z + 2*v = -2 + 9. List the prime factors of (3/z - 43/(-10))*26.
3, 13
Suppose -4*d + 290 + 6766 = -5*l, d - 1764 = -2*l. What are the prime factors of d?
2, 3, 7
List the prime factors of 1 + 70/6*18/10.
2, 11
Suppose -5*g - 3*f = 2*f + 225, -f - 4 = 0. Let a = g + 219. What are the prime factors of a?
2, 89
Let d(q) = -3*q**2 - 34*q - 4. Let s be d(-26). What are the prime factors of (-1 + 0)/(7/s)?
2, 41
List the prime factors of ((-2)/(-6))/((-18136)/18138 - -1).
3023
Let g be ((-357)/(-39) - 1) + (-16)/104. What are the prime factors of -48*(g/6)/(-1)?
2
Let r = -46 - -32. What are the prime factors of -1 + -2 + -1 - (-32 - r)?
2, 7
Let s(q) = -6*q**3 - 4*q**2 - q + 19. Let b(l) = 7*l**3 + 4*l**2 + l - 20. Let p(y) = -4*b(y) - 5*s(y). What are the prime factors of p(4)?
181
Let k be (-1 - (-103 - 4))*2/4. Suppose -b = 11 - k. List the prime factors of b.
2, 3, 7
Suppose -599 = -5*b + 2*o, 4*b = 3*o + o + 472. Let p = b - 66. What are the prime factors of p?
5, 11
Let x(r) = -43*r**3 - 2*r**2 + 2*r + 3. List the prime factors of x(-2).
5, 67
Let z be (45/10 - 2)/(2/4). Suppose -3*y - 2*v + 29 = 0, -v = -z*y - 3*v + 55. List the prime factors of y.
13
Let n(s) = s**3 - s**2 + s + 3. Let j be n(0). Let m = j - 0. Suppose 0*f - 125 = -4*u + m*f, -3*f - 9 = 0. List the prime factors of u.
29
Suppose 0 = 17*z - 18*z + 37. What are the prime factors of z?
37
Let v be -2*(-18)/(-12) + -1. List the prime factors of -4 - (v + (-256 - -2)).
2, 127
Suppose -2*f + 2*k + 241 = -101, -4*f - k = -704. Let h = -141 - -144. Suppose -h*q + f = 46. What are the prime factors of q?
43
Suppose 24 = 10*q - 6*q. List the prime factors of 383/8 + q/48.
2, 3
Suppose -4*t - s = -21, 2*t + s = -0*s + 11. Suppose t*z - 205 - 210 = 0. List the prime factors of z.
83
Let z(p) = -140*p**3 + 4*p**2 - 9*p - 28. List the prime factors of z(-2).
2, 563
Suppose -2*l = -5*y - 1164 - 146, 5*y - 2650 = -4*l. What are the prime factors of l?
2, 3, 5, 11
Let l = -614 + 1598. What are the prime factors of l?
2, 3, 41
Let l(s) be the third derivative of 19*s**6/24 - s**5/60 + s**4/6 - s**3/2 + 18*s**2. List the prime factors of l(1).
5, 19
Let t be ((-2)/5)/((-22)/165). Suppose -t*k + 156 = -3*l, -5*l - 48 = -k + 4. What are the prime factors of k?
2, 13
Suppose -2*x - 92 + 488 = 0. Suppose 0 = -2*h - 2*o + x, 3*h + o - 3*o - 282 = 0. What are the prime factors of h?
2, 3
Let t = -74 + 38. Let g = 135 - t. List the prime factors of g.
3, 19
Let u = -11 - -13. Suppose 4*g - 264 = 5*t, -4*t - 8 = -u*t. List the prime factors of g.
61
Suppose -2 = 6*m - 614. List the prime factors of m.
2, 3, 17
Let n(s) = 67*s**2 + 4*s - 2. Let k be n(-2). Suppose -258 = -2*a + 5*z, -2*z = -2*a - 4*z + k. What are the prime factors of a?
3, 43
Suppose 0 = 4*a - 2*c - 22, -a - 3*c - 3 = -2*a. Suppose -a*t + 55 = -t. What are the prime factors of t?
11
Suppose d - 2*v = -15, 3*v - 56 = 4*d - 16. Let l be (d/((-14)/284))/(-2). Let y = 109 + l. What are the prime factors of y?
2, 19
Let n(s) = 2*s**2 + 13*s + 31. List the prime factors of n(17).
2, 5, 83
Suppose 5*l - 6 = 9. Let f(y) = -y**2 - 5*y + l*y + 18 + 5*y - 4*y. List the prime factors of f(0).
2, 3
Suppose -54*y - 18*y = -7056. List the prime factors of y.
2, 7
Suppose 2*i = -4*j + j + 38, 0 = -3*i + 12. Let r be 19/5 + 2/j. Suppose 63 = r*z + 19. What are the prime factors of z?
11
Let m = 2563 - 2362. List the prime factors of m.
3, 67
Suppose -4*w = 5*k - 4*k - 17, -3*k = w - 29. Let z(c) = c. Let v(h) = 21. Let l(o) = -v(o) + 5*z(o). What are the prime factors of l(k)?
2, 3
Suppose 0*b = -5*b. Suppose -q + b = -3. Suppose -4*o + 12 = 4*k, k + q*o = -0*k - 1. List the prime factors of k.
5
Let x be (11 + -7)*1*-7. Let c = 35 + x. List the prime factors of c.
7
Suppose -2*c + 0 + 6 = 0. What are the prime factors of 1771/33 + (-2)/c?
53
Suppose 2*b - 794 = -2*d - 0*b, -4*d + 1615 = -5*b. Suppose 232 = 4*z - d. List the prime factors of z.
2, 79
Suppose 3*h = w - 3*w + 485, 0 = h - w - 155. Let k = -54 + h. Suppose -c = 4*c - k. What are the prime factors of c?
3, 7
Suppose 3*j